{"id":1815,"date":"2021-02-16T13:58:54","date_gmt":"2021-02-16T12:58:54","guid":{"rendered":"https:\/\/brainconnection.fr\/?page_id=1815"},"modified":"2021-02-19T15:24:35","modified_gmt":"2021-02-19T14:24:35","slug":"enneagramme","status":"publish","type":"page","link":"https:\/\/brainconnection.fr\/index.php\/enneagramme\/","title":{"rendered":"ENN\u00c9AGRAMME DYNAMIQUE\u00ae"},"content":{"rendered":"\t\t<div data-elementor-type=\"wp-page\" data-elementor-id=\"1815\" class=\"elementor elementor-1815\" data-elementor-settings=\"[]\">\n\t\t\t\t\t\t<div class=\"elementor-inner\">\n\t\t\t\t\t\t\t<div class=\"elementor-section-wrap\">\n\t\t\t\t\t\t\t<section class=\"elementor-section elementor-top-section elementor-element elementor-element-7eace1c8 elementor-section-boxed elementor-section-height-default elementor-section-height-default\" data-id=\"7eace1c8\" data-element_type=\"section\">\n\t\t\t\t\t\t<div class=\"elementor-container elementor-column-gap-default\">\n\t\t\t\t\t\t\t<div class=\"elementor-row\">\n\t\t\t\t\t<div class=\"elementor-column elementor-col-100 elementor-top-column elementor-element elementor-element-54000c13\" data-id=\"54000c13\" data-element_type=\"column\">\n\t\t\t<div class=\"elementor-column-wrap elementor-element-populated\">\n\t\t\t\t\t\t\t<div class=\"elementor-widget-wrap\">\n\t\t\t\t\t\t<div class=\"elementor-element elementor-element-7c90f2c7 elementor-widget elementor-widget-text-editor\" data-id=\"7c90f2c7\" data-element_type=\"widget\" data-widget_type=\"text-editor.default\">\n\t\t\t\t<div class=\"elementor-widget-container\">\n\t\t\t\t\t<div class=\"elementor-text-editor elementor-clearfix\"><p><!-- wp:heading {\"level\":1} --><\/p>\n<h1><em><b>La d\u00e9couverte de votre personnalit\u00e9<\/b><\/em><\/h1>\n<p><!-- \/wp:heading --><\/p>\n<p><!-- wp:image {\"align\":\"right\",\"width\":471,\"height\":471} --><\/p>\n<div class=\"wp-block-image\">\n<figure class=\"alignright is-resized\"><img loading=\"lazy\" src=\"https:\/\/lh6.googleusercontent.com\/P_fu_Vt6GYuxqFP4Fa4T54Wgb4c6hIwr6ve3rqazWTMXd99RIZlYUpI_tWjLo8aLZsiyBkh_cfKXPSZoDrkxuAKHEVUdSoNM_RyS_KQikFqbRVfTXr7_tNFiRbTZ-D9GiAk-MdfF\" alt=\"\" width=\"471\" height=\"471\" \/><\/figure>\n<\/div>\n<p><!-- \/wp:image --><\/p>\n<p><!-- wp:quote --><\/p>\n<blockquote class=\"wp-block-quote\">\n<p dir=\"ltr\" style=\"line-height: 1.2; margin-right: -70.5pt; margin-top: 0pt; margin-bottom: 0pt;\"><span style=\"font-size: 13.999999999999998pt; font-family: Arial; color: #000000; background-color: transparent; font-weight: 400; font-style: normal; font-variant: normal; text-decoration: none; vertical-align: baseline; white-space: pre-wrap;\">\u201c VOUS AIDE A R\u00c9V\u00c9LER\u00a0<\/span><span style=\"background-color: transparent; color: #000000; font-family: Arial; font-size: 14pt; font-style: normal; white-space: pre-wrap;\">CE QU\u2019IL Y A DE MEILLEUR EN VOUS.\u201d <\/span><\/p>\n<\/blockquote>\n<p><!-- \/wp:paragraph --><\/p>\n<p><!-- wp:heading --><\/p>\n<h2><b><i>Qu\u2019est ce que c\u2019est ?<\/i><\/b><\/h2>\n<p><!-- \/wp:heading --><\/p>\n<p><!-- wp:paragraph --><\/p>\n<p>L\u2019enn\u00e9agramme est un outil de connaissance de soi et un syst\u00e8me d\u00e9taill\u00e9 pour comprendre le fonctionnement de l\u2019\u00eatre humain, ainsi permettant d\u2019acc\u00e9der \u00e0 une meilleure communication avec les autres et avec soi-m\u00eame.<\/p>\n<p><!-- \/wp:paragraph --><\/p>\n<p><!-- wp:paragraph --><\/p>\n<p>L\u2019enn\u00e9agramme est fond\u00e9 sur neuf strat\u00e9gies de fonctionnement (Enn\u00e9a veut dire 9 en grec), neuf configurations diff\u00e9rentes de la personnalit\u00e9, neuf mani\u00e8res de se d\u00e9finir et d\u2019interagir.<\/p>\n<p><!-- \/wp:paragraph --><\/p>\n<p><!-- wp:paragraph --><\/p>\n<p>L\u2019enn\u00e9agramme nous d\u00e9livre des rep\u00e8res et des cl\u00e9s essentielles pour une meilleure compr\u00e9hension de sa personnalit\u00e9 et ainsi am\u00e9liorer sa vie de couple, l&rsquo;\u00e9ducation des enfants et sa vie professionnelle, outil formidable pour l\u2019accompagnement\u00a0<\/p>\n<p><!-- \/wp:paragraph --><\/p><\/div>\n\t\t\t\t<\/div>\n\t\t\t\t<\/div>\n\t\t\t\t\t\t<\/div>\n\t\t\t\t\t<\/div>\n\t\t<\/div>\n\t\t\t\t\t\t\t\t<\/div>\n\t\t\t\t\t<\/div>\n\t\t<\/section>\n\t\t\t\t<section class=\"elementor-section elementor-top-section elementor-element elementor-element-2a64871 elementor-section-boxed elementor-section-height-default elementor-section-height-default\" data-id=\"2a64871\" data-element_type=\"section\">\n\t\t\t\t\t\t<div class=\"elementor-container elementor-column-gap-default\">\n\t\t\t\t\t\t\t<div class=\"elementor-row\">\n\t\t\t\t\t<div class=\"elementor-column elementor-col-50 elementor-top-column elementor-element elementor-element-a78a21c\" data-id=\"a78a21c\" data-element_type=\"column\">\n\t\t\t<div class=\"elementor-column-wrap elementor-element-populated\">\n\t\t\t\t\t\t\t<div class=\"elementor-widget-wrap\">\n\t\t\t\t\t\t<div class=\"elementor-element elementor-element-7fde0e6 elementor-widget elementor-widget-image\" data-id=\"7fde0e6\" data-element_type=\"widget\" data-widget_type=\"image.default\">\n\t\t\t\t<div class=\"elementor-widget-container\">\n\t\t\t\t\t<div class=\"elementor-image\">\n\t\t\t\t\t\t\t\t\t\t<img width=\"268\" height=\"188\" src=\"https:\/\/brainconnection.fr\/wp-content\/uploads\/2021\/02\/unnamed-file.jpg\" class=\"attachment-2048x2048 size-2048x2048\" alt=\"\" loading=\"lazy\" \/>\t\t\t\t\t\t\t\t\t\t\t<\/div>\n\t\t\t\t<\/div>\n\t\t\t\t<\/div>\n\t\t\t\t\t\t<\/div>\n\t\t\t\t\t<\/div>\n\t\t<\/div>\n\t\t\t\t<div class=\"elementor-column elementor-col-50 elementor-top-column elementor-element elementor-element-e8fc3cc\" data-id=\"e8fc3cc\" data-element_type=\"column\">\n\t\t\t<div class=\"elementor-column-wrap elementor-element-populated\">\n\t\t\t\t\t\t\t<div class=\"elementor-widget-wrap\">\n\t\t\t\t\t\t<div class=\"elementor-element elementor-element-b1d3db9 elementor-widget elementor-widget-heading\" data-id=\"b1d3db9\" data-element_type=\"widget\" data-widget_type=\"heading.default\">\n\t\t\t\t<div class=\"elementor-widget-container\">\n\t\t\t<h2 class=\"elementor-heading-title elementor-size-default\"><i>P<b>our quoi ?<\/b><\/i><\/h2>\t\t<\/div>\n\t\t\t\t<\/div>\n\t\t\t\t<div class=\"elementor-element elementor-element-d3f4cd5 elementor-widget elementor-widget-text-editor\" data-id=\"d3f4cd5\" data-element_type=\"widget\" data-widget_type=\"text-editor.default\">\n\t\t\t\t<div class=\"elementor-widget-container\">\n\t\t\t\t\t<div class=\"elementor-text-editor elementor-clearfix\"><p><span style=\"color: var( --e-global-color-text ); font-family: var( --e-global-typography-text-font-family ), Sans-serif;\">L\u2019enn\u00e9agramme est un excellent moyen d\u2019analyser les motivations de nos comportements vis \u00e0 vis du Monde.\u00a0<\/span><\/p>\n<p><span style=\"font-weight: 400;\">L\u2019enn\u00e9agramme est un magnifique outil pour comprendre nos interactions avec le monde et les autres, pour comprendre par quelles strat\u00e9gies, par quels modes de fonctionnement nous r\u00e9gulons nos \u00e9changes avec les autres.<\/span><\/p><\/div>\n\t\t\t\t<\/div>\n\t\t\t\t<\/div>\n\t\t\t\t\t\t<\/div>\n\t\t\t\t\t<\/div>\n\t\t<\/div>\n\t\t\t\t\t\t\t\t<\/div>\n\t\t\t\t\t<\/div>\n\t\t<\/section>\n\t\t\t\t<section class=\"elementor-section elementor-top-section elementor-element elementor-element-239234c elementor-section-boxed elementor-section-height-default elementor-section-height-default\" data-id=\"239234c\" data-element_type=\"section\">\n\t\t\t\t\t\t<div class=\"elementor-container elementor-column-gap-default\">\n\t\t\t\t\t\t\t<div class=\"elementor-row\">\n\t\t\t\t\t<div class=\"elementor-column elementor-col-100 elementor-top-column elementor-element elementor-element-fa8d0ca\" data-id=\"fa8d0ca\" data-element_type=\"column\">\n\t\t\t<div class=\"elementor-column-wrap elementor-element-populated\">\n\t\t\t\t\t\t\t<div class=\"elementor-widget-wrap\">\n\t\t\t\t\t\t<section class=\"elementor-section elementor-inner-section elementor-element elementor-element-6e83d56 elementor-section-boxed elementor-section-height-default elementor-section-height-default\" data-id=\"6e83d56\" data-element_type=\"section\">\n\t\t\t\t\t\t<div class=\"elementor-container elementor-column-gap-default\">\n\t\t\t\t\t\t\t<div class=\"elementor-row\">\n\t\t\t\t\t<div class=\"elementor-column elementor-col-50 elementor-inner-column elementor-element elementor-element-58bc04a\" data-id=\"58bc04a\" data-element_type=\"column\">\n\t\t\t<div class=\"elementor-column-wrap elementor-element-populated\">\n\t\t\t\t\t\t\t<div class=\"elementor-widget-wrap\">\n\t\t\t\t\t\t<div class=\"elementor-element elementor-element-ed1bc85 elementor-widget elementor-widget-heading\" data-id=\"ed1bc85\" data-element_type=\"widget\" data-widget_type=\"heading.default\">\n\t\t\t\t<div class=\"elementor-widget-container\">\n\t\t\t<h2 class=\"elementor-heading-title elementor-size-default\"><b><i>Les raisons ?<\/i><\/b><\/h2>\t\t<\/div>\n\t\t\t\t<\/div>\n\t\t\t\t<div class=\"elementor-element elementor-element-7e519de elementor-widget elementor-widget-text-editor\" data-id=\"7e519de\" data-element_type=\"widget\" data-widget_type=\"text-editor.default\">\n\t\t\t\t<div class=\"elementor-widget-container\">\n\t\t\t\t\t<div class=\"elementor-text-editor elementor-clearfix\"><p><span style=\"font-weight: 400;\">Nous arrivons dans ce Monde avec ce qu\u2019on appelle notre Essence.(<\/span><span style=\"font-weight: 400;\">Nature propre \u00e0 une chose, \u00e0 un \u00eatre, ce qui nous constitue fondamentalement)<\/span><\/p>\n<p><span style=\"font-weight: 400;\">Confront\u00e9 \u00e0 la r\u00e9alit\u00e9 de la Vie, et aux premiers coups du monde r\u00e9el nous \u00e9laborons des syst\u00e8mes de d\u00e9fense, pour mieux interagir afin de pr\u00e9server notre essence.\u00a0<\/span><\/p>\n<p><span style=\"color: var( --e-global-color-text ); font-family: var( --e-global-typography-text-font-family ), Sans-serif;\">Ces syst\u00e8mes de d\u00e9fense, c\u2019est comme une coquille une armure qui nous permettent de continuer \u00e0 aller \u00e0 la rencontre du monde en se mettant en s\u00e9curit\u00e9.<\/span><\/p><\/div>\n\t\t\t\t<\/div>\n\t\t\t\t<\/div>\n\t\t\t\t\t\t<\/div>\n\t\t\t\t\t<\/div>\n\t\t<\/div>\n\t\t\t\t<div class=\"elementor-column elementor-col-50 elementor-inner-column elementor-element elementor-element-ba02cb1\" data-id=\"ba02cb1\" data-element_type=\"column\">\n\t\t\t<div class=\"elementor-column-wrap elementor-element-populated\">\n\t\t\t\t\t\t\t<div class=\"elementor-widget-wrap\">\n\t\t\t\t\t\t<div class=\"elementor-element elementor-element-640d9b0 elementor-widget elementor-widget-image\" data-id=\"640d9b0\" data-element_type=\"widget\" data-widget_type=\"image.default\">\n\t\t\t\t<div class=\"elementor-widget-container\">\n\t\t\t\t\t<div class=\"elementor-image\">\n\t\t\t\t\t\t\t\t\t\t<img width=\"1024\" height=\"661\" src=\"https:\/\/brainconnection.fr\/wp-content\/uploads\/2021\/02\/152339329_129365855667133_4084374190177147605_n-1024x661.jpg\" class=\"attachment-large size-large\" alt=\"\" loading=\"lazy\" srcset=\"https:\/\/brainconnection.fr\/wp-content\/uploads\/2021\/02\/152339329_129365855667133_4084374190177147605_n-1024x661.jpg 1024w, https:\/\/brainconnection.fr\/wp-content\/uploads\/2021\/02\/152339329_129365855667133_4084374190177147605_n-300x194.jpg 300w, https:\/\/brainconnection.fr\/wp-content\/uploads\/2021\/02\/152339329_129365855667133_4084374190177147605_n-768x495.jpg 768w, https:\/\/brainconnection.fr\/wp-content\/uploads\/2021\/02\/152339329_129365855667133_4084374190177147605_n.jpg 1240w\" sizes=\"(max-width: 1024px) 100vw, 1024px\" \/>\t\t\t\t\t\t\t\t\t\t\t<\/div>\n\t\t\t\t<\/div>\n\t\t\t\t<\/div>\n\t\t\t\t\t\t<\/div>\n\t\t\t\t\t<\/div>\n\t\t<\/div>\n\t\t\t\t\t\t\t\t<\/div>\n\t\t\t\t\t<\/div>\n\t\t<\/section>\n\t\t\t\t<section class=\"elementor-section elementor-inner-section elementor-element elementor-element-f498602 elementor-section-boxed elementor-section-height-default elementor-section-height-default\" data-id=\"f498602\" data-element_type=\"section\">\n\t\t\t\t\t\t<div class=\"elementor-container elementor-column-gap-default\">\n\t\t\t\t\t\t\t<div class=\"elementor-row\">\n\t\t\t\t\t<div class=\"elementor-column elementor-col-100 elementor-inner-column elementor-element elementor-element-e949193\" data-id=\"e949193\" data-element_type=\"column\">\n\t\t\t<div class=\"elementor-column-wrap elementor-element-populated\">\n\t\t\t\t\t\t\t<div class=\"elementor-widget-wrap\">\n\t\t\t\t\t\t<div class=\"elementor-element elementor-element-182d640 elementor-widget elementor-widget-text-editor\" data-id=\"182d640\" data-element_type=\"widget\" data-widget_type=\"text-editor.default\">\n\t\t\t\t<div class=\"elementor-widget-container\">\n\t\t\t\t\t<div class=\"elementor-text-editor elementor-clearfix\"><p>L\u2019enn\u00e9agramme va \u00e9tudier tr\u00e8s pr\u00e9cis\u00e9ment la mani\u00e8re dont on fabrique cette armure, c&rsquo;est \u00e0 dire la mani\u00e8re dont on interagit dans le monde: notre ETRE au monde avec les autres.<\/p>\n<p>Nous mettons en place une strat\u00e9gie qui va nous \u00e9viter que cette chose-l\u00e0 se reproduise \u00e0 l\u2019avenir, nous\u00a0 permettant d\u2019\u00e9viter de rencontrer nos peurs.<\/p><\/div>\n\t\t\t\t<\/div>\n\t\t\t\t<\/div>\n\t\t\t\t\t\t<\/div>\n\t\t\t\t\t<\/div>\n\t\t<\/div>\n\t\t\t\t\t\t\t\t<\/div>\n\t\t\t\t\t<\/div>\n\t\t<\/section>\n\t\t\t\t\t\t<\/div>\n\t\t\t\t\t<\/div>\n\t\t<\/div>\n\t\t\t\t\t\t\t\t<\/div>\n\t\t\t\t\t<\/div>\n\t\t<\/section>\n\t\t\t\t<section class=\"elementor-section elementor-top-section elementor-element elementor-element-2747494 elementor-section-boxed elementor-section-height-default elementor-section-height-default\" data-id=\"2747494\" data-element_type=\"section\">\n\t\t\t\t\t\t<div class=\"elementor-container elementor-column-gap-default\">\n\t\t\t\t\t\t\t<div class=\"elementor-row\">\n\t\t\t\t\t<div class=\"elementor-column elementor-col-100 elementor-top-column elementor-element elementor-element-622b9d5\" data-id=\"622b9d5\" data-element_type=\"column\">\n\t\t\t<div class=\"elementor-column-wrap elementor-element-populated\">\n\t\t\t\t\t\t\t<div class=\"elementor-widget-wrap\">\n\t\t\t\t\t\t<div class=\"elementor-element elementor-element-ffdf021 elementor-widget elementor-widget-heading\" data-id=\"ffdf021\" data-element_type=\"widget\" data-widget_type=\"heading.default\">\n\t\t\t\t<div class=\"elementor-widget-container\">\n\t\t\t<h2 class=\"elementor-heading-title elementor-size-default\"><i>L'<\/i><b><i>enjeu<\/i><\/b><\/h2>\t\t<\/div>\n\t\t\t\t<\/div>\n\t\t\t\t<section class=\"elementor-section elementor-inner-section elementor-element elementor-element-9212097 elementor-section-boxed elementor-section-height-default elementor-section-height-default\" data-id=\"9212097\" data-element_type=\"section\">\n\t\t\t\t\t\t<div class=\"elementor-container elementor-column-gap-default\">\n\t\t\t\t\t\t\t<div class=\"elementor-row\">\n\t\t\t\t\t<div class=\"elementor-column elementor-col-50 elementor-inner-column elementor-element elementor-element-cc48b2d\" data-id=\"cc48b2d\" data-element_type=\"column\">\n\t\t\t<div class=\"elementor-column-wrap elementor-element-populated\">\n\t\t\t\t\t\t\t<div class=\"elementor-widget-wrap\">\n\t\t\t\t\t\t<div class=\"elementor-element elementor-element-e3085be elementor-widget elementor-widget-text-editor\" data-id=\"e3085be\" data-element_type=\"widget\" data-widget_type=\"text-editor.default\">\n\t\t\t\t<div class=\"elementor-widget-container\">\n\t\t\t\t\t<div class=\"elementor-text-editor elementor-clearfix\"><p><span style=\"font-weight: 400;\">Se r\u00e9approprier notre mani\u00e8re d\u2019interagir au monde, c\u2019est un travail de d\u00e9couverte de soi, de nos m\u00e9canismes et \u00e0 travers cette d\u00e9couverte, reprendre le contr\u00f4le et faire les bons choix.<\/span><\/p>\n<p><span style=\"font-weight: 400;\">C\u2019est un outil de conscience qui permet une croissance personnelle.<\/span><\/p>\n<p><span style=\"font-weight: 400;\">Nous avons TOUS construit en nous les 9 m\u00e9canismes dans des proportions variables.<\/span><\/p>\n<p><span style=\"font-weight: 400;\">C\u2019est un peu comme un jeu de cartes \u00e0 jouer que nous aurions entre les mains.\u00a0<\/span><\/p><\/div>\n\t\t\t\t<\/div>\n\t\t\t\t<\/div>\n\t\t\t\t\t\t<\/div>\n\t\t\t\t\t<\/div>\n\t\t<\/div>\n\t\t\t\t<div class=\"elementor-column elementor-col-50 elementor-inner-column elementor-element elementor-element-4047a43\" data-id=\"4047a43\" data-element_type=\"column\">\n\t\t\t<div class=\"elementor-column-wrap elementor-element-populated\">\n\t\t\t\t\t\t\t<div class=\"elementor-widget-wrap\">\n\t\t\t\t\t\t<div class=\"elementor-element elementor-element-4d02204 elementor-widget elementor-widget-image\" data-id=\"4d02204\" data-element_type=\"widget\" data-widget_type=\"image.default\">\n\t\t\t\t<div class=\"elementor-widget-container\">\n\t\t\t\t\t<div class=\"elementor-image\">\n\t\t\t\t\t\t\t\t\t\t<img width=\"1800\" height=\"964\" src=\"https:\/\/brainconnection.fr\/wp-content\/uploads\/2021\/02\/152228905_153897049789810_3076380818480003462_n.jpg\" class=\"attachment-2048x2048 size-2048x2048\" alt=\"\" loading=\"lazy\" srcset=\"https:\/\/brainconnection.fr\/wp-content\/uploads\/2021\/02\/152228905_153897049789810_3076380818480003462_n.jpg 1800w, https:\/\/brainconnection.fr\/wp-content\/uploads\/2021\/02\/152228905_153897049789810_3076380818480003462_n-300x161.jpg 300w, https:\/\/brainconnection.fr\/wp-content\/uploads\/2021\/02\/152228905_153897049789810_3076380818480003462_n-1024x548.jpg 1024w, https:\/\/brainconnection.fr\/wp-content\/uploads\/2021\/02\/152228905_153897049789810_3076380818480003462_n-768x411.jpg 768w, https:\/\/brainconnection.fr\/wp-content\/uploads\/2021\/02\/152228905_153897049789810_3076380818480003462_n-1536x823.jpg 1536w\" sizes=\"(max-width: 1800px) 100vw, 1800px\" \/>\t\t\t\t\t\t\t\t\t\t\t<\/div>\n\t\t\t\t<\/div>\n\t\t\t\t<\/div>\n\t\t\t\t\t\t<\/div>\n\t\t\t\t\t<\/div>\n\t\t<\/div>\n\t\t\t\t\t\t\t\t<\/div>\n\t\t\t\t\t<\/div>\n\t\t<\/section>\n\t\t\t\t<section class=\"elementor-section elementor-inner-section elementor-element elementor-element-98bf760 elementor-section-boxed elementor-section-height-default elementor-section-height-default\" data-id=\"98bf760\" data-element_type=\"section\">\n\t\t\t\t\t\t<div class=\"elementor-container elementor-column-gap-default\">\n\t\t\t\t\t\t\t<div class=\"elementor-row\">\n\t\t\t\t\t<div class=\"elementor-column elementor-col-100 elementor-inner-column elementor-element elementor-element-f9a2c64\" data-id=\"f9a2c64\" data-element_type=\"column\">\n\t\t\t<div class=\"elementor-column-wrap elementor-element-populated\">\n\t\t\t\t\t\t\t<div class=\"elementor-widget-wrap\">\n\t\t\t\t\t\t<div class=\"elementor-element elementor-element-8ea7bb1 elementor-widget elementor-widget-text-editor\" data-id=\"8ea7bb1\" data-element_type=\"widget\" data-widget_type=\"text-editor.default\">\n\t\t\t\t<div class=\"elementor-widget-container\">\n\t\t\t\t\t<div class=\"elementor-text-editor elementor-clearfix\"><p>Nous avons une carte pr\u00e9f\u00e9r\u00e9e, nous l\u2019avons jou\u00e9 plus souvent que les autres, nos premi\u00e8res exp\u00e9riences les plus douloureuses nous ont amen\u00e9 \u00e0 cette strat\u00e9gie majoritaire, cette strat\u00e9gie va \u00eatre notre atout dans notre jeu NOTRE JOCKER. Alors que nous avons d\u2019autres cartes en notre possession parfois bien cach\u00e9es,des ressources qui sont l\u00e0 mais enfouies.<\/p>\n<p>Notre joker, est la carte sur laquelle notre inconscient va automatiquement se rabattre dans les situations de\u00a0 stress. Dans certaines situations c\u2019est appropri\u00e9, et l\u00e0 on parle de zone d\u2019excellence, sinon cela peut devenir probl\u00e9matique avec perte d\u2019\u00e9nergie alors qu\u2019une autre strat\u00e9gie \u00e0 disposition serait\u00a0 plus adapt\u00e9e au contexte.<\/p><\/div>\n\t\t\t\t<\/div>\n\t\t\t\t<\/div>\n\t\t\t\t\t\t<\/div>\n\t\t\t\t\t<\/div>\n\t\t<\/div>\n\t\t\t\t\t\t\t\t<\/div>\n\t\t\t\t\t<\/div>\n\t\t<\/section>\n\t\t\t\t\t\t<\/div>\n\t\t\t\t\t<\/div>\n\t\t<\/div>\n\t\t\t\t\t\t\t\t<\/div>\n\t\t\t\t\t<\/div>\n\t\t<\/section>\n\t\t\t\t<section class=\"elementor-section elementor-top-section elementor-element elementor-element-848da36 elementor-section-boxed elementor-section-height-default elementor-section-height-default\" data-id=\"848da36\" data-element_type=\"section\">\n\t\t\t\t\t\t<div class=\"elementor-container elementor-column-gap-default\">\n\t\t\t\t\t\t\t<div class=\"elementor-row\">\n\t\t\t\t\t<div class=\"elementor-column elementor-col-100 elementor-top-column elementor-element elementor-element-2b89f8b\" data-id=\"2b89f8b\" data-element_type=\"column\">\n\t\t\t<div class=\"elementor-column-wrap elementor-element-populated\">\n\t\t\t\t\t\t\t<div class=\"elementor-widget-wrap\">\n\t\t\t\t\t\t<section class=\"elementor-section elementor-inner-section elementor-element elementor-element-b526963 elementor-section-boxed elementor-section-height-default elementor-section-height-default\" data-id=\"b526963\" data-element_type=\"section\">\n\t\t\t\t\t\t<div class=\"elementor-container elementor-column-gap-default\">\n\t\t\t\t\t\t\t<div class=\"elementor-row\">\n\t\t\t\t\t<div class=\"elementor-column elementor-col-100 elementor-inner-column elementor-element elementor-element-b595d85\" data-id=\"b595d85\" data-element_type=\"column\">\n\t\t\t<div class=\"elementor-column-wrap elementor-element-populated\">\n\t\t\t\t\t\t\t<div class=\"elementor-widget-wrap\">\n\t\t\t\t\t\t<div class=\"elementor-element elementor-element-7f58476 elementor-widget elementor-widget-heading\" data-id=\"7f58476\" data-element_type=\"widget\" data-widget_type=\"heading.default\">\n\t\t\t\t<div class=\"elementor-widget-container\">\n\t\t\t<h2 class=\"elementor-heading-title elementor-size-default\"><b><i>L'Enn\u00e9agramme une vision<\/i><\/b><i> plurielle<\/i><\/h2>\t\t<\/div>\n\t\t\t\t<\/div>\n\t\t\t\t<div class=\"elementor-element elementor-element-59f22c4 elementor-widget elementor-widget-text-editor\" data-id=\"59f22c4\" data-element_type=\"widget\" data-widget_type=\"text-editor.default\">\n\t\t\t\t<div class=\"elementor-widget-container\">\n\t\t\t\t\t<div class=\"elementor-text-editor elementor-clearfix\"><p><span style=\"font-weight: 400;\">Cette merveilleuse grille de lecture va vous permettre de comprendre votre fonctionnement et celui de l&rsquo;autre.<\/span><span style=\"font-weight: 400;\">\u00a0<\/span><\/p><\/div>\n\t\t\t\t<\/div>\n\t\t\t\t<\/div>\n\t\t\t\t<div class=\"elementor-element elementor-element-ae293a5 elementor-widget elementor-widget-image\" data-id=\"ae293a5\" data-element_type=\"widget\" data-widget_type=\"image.default\">\n\t\t\t\t<div class=\"elementor-widget-container\">\n\t\t\t\t\t<div class=\"elementor-image\">\n\t\t\t\t\t\t\t\t\t\t<img width=\"719\" height=\"698\" src=\"https:\/\/brainconnection.fr\/wp-content\/uploads\/2021\/02\/b.jpg\" class=\"attachment-large size-large\" alt=\"\" loading=\"lazy\" srcset=\"https:\/\/brainconnection.fr\/wp-content\/uploads\/2021\/02\/b.jpg 719w, https:\/\/brainconnection.fr\/wp-content\/uploads\/2021\/02\/b-300x291.jpg 300w\" sizes=\"(max-width: 719px) 100vw, 719px\" \/>\t\t\t\t\t\t\t\t\t\t\t<\/div>\n\t\t\t\t<\/div>\n\t\t\t\t<\/div>\n\t\t\t\t\t\t<\/div>\n\t\t\t\t\t<\/div>\n\t\t<\/div>\n\t\t\t\t\t\t\t\t<\/div>\n\t\t\t\t\t<\/div>\n\t\t<\/section>\n\t\t\t\t\t\t<\/div>\n\t\t\t\t\t<\/div>\n\t\t<\/div>\n\t\t\t\t\t\t\t\t<\/div>\n\t\t\t\t\t<\/div>\n\t\t<\/section>\n\t\t\t\t\t\t<\/div>\n\t\t\t\t\t\t<\/div>\n\t\t\t\t\t<\/div>\n\t\t","protected":false},"excerpt":{"rendered":"<p>La d\u00e9couverte de votre personnalit\u00e9 \u201c VOUS AIDE A R\u00c9V\u00c9LER\u00a0CE QU\u2019IL Y A DE MEILLEUR EN VOUS.\u201d Qu\u2019est ce que c\u2019est ? L\u2019enn\u00e9agramme est un outil de connaissance de soi et un syst\u00e8me d\u00e9taill\u00e9 pour comprendre le fonctionnement de l\u2019\u00eatre humain, ainsi permettant d\u2019acc\u00e9der \u00e0 une meilleure communication avec les autres et avec soi-m\u00eame. L\u2019enn\u00e9agramme &#8230; <a title=\"ENN\u00c9AGRAMME DYNAMIQUE\u00ae\" class=\"read-more\" href=\"https:\/\/brainconnection.fr\/index.php\/enneagramme\/\" aria-label=\"En savoir plus sur ENN\u00c9AGRAMME DYNAMIQUE\u00ae\">Lire la suite<\/a><\/p>\n","protected":false},"author":1,"featured_media":0,"parent":0,"menu_order":0,"comment_status":"closed","ping_status":"closed","template":"","meta":[],"_links":{"self":[{"href":"https:\/\/brainconnection.fr\/index.php\/wp-json\/wp\/v2\/pages\/1815"}],"collection":[{"href":"https:\/\/brainconnection.fr\/index.php\/wp-json\/wp\/v2\/pages"}],"about":[{"href":"https:\/\/brainconnection.fr\/index.php\/wp-json\/wp\/v2\/types\/page"}],"author":[{"embeddable":true,"href":"https:\/\/brainconnection.fr\/index.php\/wp-json\/wp\/v2\/users\/1"}],"replies":[{"embeddable":true,"href":"https:\/\/brainconnection.fr\/index.php\/wp-json\/wp\/v2\/comments?post=1815"}],"version-history":[{"count":15,"href":"https:\/\/brainconnection.fr\/index.php\/wp-json\/wp\/v2\/pages\/1815\/revisions"}],"predecessor-version":[{"id":1882,"href":"https:\/\/brainconnection.fr\/index.php\/wp-json\/wp\/v2\/pages\/1815\/revisions\/1882"}],"wp:attachment":[{"href":"https:\/\/brainconnection.fr\/index.php\/wp-json\/wp\/v2\/media?parent=1815"}],"curies":[{"name":"wp","href":"https:\/\/api.w.org\/{rel}","templated":true}]}}